)/(-16))*-27?
53
Suppose -3*c = 3*i + 60, 4*c = i + 2*c + 26. Let b = i + 27. Calculate the remainder when b is divided by 1.
0
Let u(b) = 5*b**3 + 3*b**2 + 5*b - 7. What is the remainder when u(2) is divided by 19?
17
Let i(r) = -3*r + 10. Calculate the remainder when i(-8) is divided by 23.
11
What is the remainder when ((-2)/6)/(122/(-30378)) is divided by 43?
40
Suppose 47 - 1 = 2*b. Let m = 68 - 49. Suppose m = 3*w - 5*u, 6*u + 29 = w + 10*u. What is the remainder when b is divided by w?
10
Let b = 7 - 22. Let f = b - -12. Calculate the remainder when 35 is divided by (f/4)/(2/(-24)).
8
Let u = -63 - -123. What is the remainder when 539 is divided by u?
59
Calculate the remainder when (0 - 0) + 0 + 24 is divided by (-57)/(-7) - (17 - (-3500)/(-196)).
6
Let f = -26 - -37. Suppose -5*r = -3*d - 28, -3*r + 6*r = d + 16. What is the remainder when f is divided by r?
1
Let m(a) = a**3 - 24*a**2 + 44*a - 2. Let b be m(22). What is the remainder when (-1 - b)*(-5 + 57)/4 is divided by 7?
6
Suppose -2*c + 119 = 3*c + 3*s, 4*c = -4*s + 92. Suppose -4*j + 7*j = -36. Let a = j + 26. What is the remainder when c is divided by a?
11
Suppose 4*b = -2*g + 136, -4*g - g - 5*b + 350 = 0. What is the remainder when 231 is divided by g?
15
Let w(j) = 138*j**2 - j + 1. Calculate the remainder when w(1) is divided by (-36)/(-162)*-3 + 214/6.
33
Suppose 4*x = 5*a - 4*a + 20, -4*x + 3*a = -28. Suppose 0*t = -t + x. What is the remainder when 53 is divided by t?
1
Let a(f) = f + 11. Suppose 3*t - r = -28 - 7, -t = -3*r + 17. Let k be a(t). Suppose 5*w = -k*w + 150. Calculate the remainder when 57 is divided by w.
27
Let o be 297/6*4/(-3). Let a be o/(-4)*(-56)/(-12). Let x = a - 36. Calculate the remainder when x is divided by 14.
13
Suppose 5*i - 37 - 3 = 0. Suppose -3*x + 2*x + a + 3 = 0, 5*x - 16 = 4*a. Calculate the remainder when i is divided by -1 - x - -1 - -9.
3
Let a = -571 - -662. What is the remainder when a is divided by 43?
5
Suppose -267 = -4*t + 3*p, 51*t = 47*t + 5*p + 269. Let c be (30/8)/5*4. What is the remainder when t is divided by (3/c)/((-1)/(-17))?
15
Suppose 0 = -10*x - 303 + 5253. Calculate the remainder when x is divided by 62.
61
Suppose -5*o + 18*o - 1092 = 0. What is the remainder when 63 is divided by 110/6 - 28/o?
9
Suppose -3*n = c - 237, 4*c - 3*n = -c + 1131. What is the remainder when c is divided by 77?
74
Suppose 4*l = -3*g + 173, 22*g + 89 = 2*l + 23*g. Calculate the remainder when 234 is divided by l.
46
Suppose 2*o - 23*y + 21*y - 72 = 0, -4*y + 136 = 3*o. What is the remainder when 152 is divided by o?
32
Suppose 0 = 18*a - 54*a + 900. Calculate the remainder when 42 is divided by a.
17
Let p = 9 + -4. Suppose -5*k = -10, -4*v + p = -4*k - 23. Suppose -114 = -4*l - 10. What is the remainder when l is divided by v?
8
Suppose -3*u = -2*f - 118, 0*u + 5*f + 48 = u. What is the remainder when 6/(-27) - ((-2600)/(-9))/(-4) is divided by u?
34
Let p = 1020 - 962. Calculate the remainder when 458 is divided by p.
52
Suppose -h - 116 = -5*m, -4*h - 64 = -3*m - 9*h. What is the remainder when 29 is divided by m?
6
Suppose 172*b - 143*b - 140*b = -2442. What is the remainder when 4/(-14) - 597/(-7) is divided by b?
19
Suppose -5*y = -3*p + 511, 0*y = -p + 3*y + 165. Let j = -122 + p. Calculate the remainder when j is divided by 14.
13
Suppose r + 4 + 14 = 0. Let i = 25 + r. Let z = i - -5. Calculate the remainder when 59 is divided by z.
11
Let u(g) = 18*g + 27. Let d be u(-15). Let p = d - -409. What is the remainder when p is divided by 13?
10
Suppose 0 = 4*a - 0*a - 128. What is the remainder when 127 is divided by a?
31
Suppose s = 1, -m + 6*m - 4*s - 181 = 0. Calculate the remainder when 66 is divided by m.
29
What is the remainder when 78 is divided by ((-22)/6)/((-5)/30)?
12
Let q be 22/(-3) - 4/(-12). Let g = 6 - q. Let i = 23 - g. Calculate the remainder when 28 is divided by i.
8
Suppose -3*r + 2 = -31. Suppose 3*u + 7*y - 3*y = 111, -148 = -4*u - y. What is the remainder when u is divided by r?
4
Let k(a) = 3*a**2 + a + 7. Let i be k(3). Let r = i + -29. What is the remainder when 13 is divided by r?
5
Let b(d) = -d**3 - 8*d**2 - 10*d - 4. Let y be (-4)/7 - 135/21. What is the remainder when b(y) is divided by 10?
7
Let o(s) be the second derivative of -5*s**3/3 - 5*s**2 - 8*s. Calculate the remainder when o(-4) is divided by 12/(-42) - (-228)/14.
14
Let y = 12 + 6. Let c(m) = m**3 - m**2 + m + 52. What is the remainder when c(0) is divided by y?
16
Let k = 5 - 7. Let g = k - -35. Suppose q - 21 = 2*v - 3*v, 5*q = -2*v + 93. What is the remainder when g is divided by q?
16
Let z(q) = q**2 - 4*q + 12. Let h be z(5). Let y = 22 - h. Let k(s) = -s**3 - 5*s**2 + 5*s - 3. What is the remainder when y is divided by k(-6)?
2
Let u(i) = -i**3 + 5*i**2 + 3*i - 5. Let z(k) = 3*k**2 + k - 17. Let q be z(-6). What is the remainder when 5661/q + (-3)/5 is divided by u(4)?
20
Suppose 5*p - 725 = -5*a, -270 = -21*p + 19*p + 2*a. What is the remainder when 286 is divided by p?
6
Suppose -5*v + 4*v = 3*m - 3, m + 5*v - 15 = 0. Suppose -k = -m*t + t - 10, -4*k - 2*t = -44. What is the remainder when 13 is divided by k?
1
Let n(l) = 3*l**3 + 27*l**2 + 31*l + 24. What is the remainder when 395 is divided by n(-7)?
92
Let t = -2264 - -2579. What is the remainder when t is divided by 11?
7
Let q(h) = 3*h + 2. Let l be q(-6). Let p be -1*2/(-4)*l. Calculate the remainder when 190/14 + p/14 is divided by 4.
1
Let f(p) = -3*p**3 - 3*p**2 - 2*p + 2. Let g be f(-3). Calculate the remainder when 62 is divided by (-3)/(-14)*g - 4/14.
10
Suppose 0 = 2*s - 4*a + 2, 0 = -4*s - 2*a - 23 + 69. What is the remainder when 348 is divided by s?
6
Suppose 840 = 46*v - 25*v. What is the remainder when 67 is divided by v?
27
Suppose -5*v - 5*p + 2*p = 227, 2*v - 4*p + 96 = 0. Let i = 67 + v. What is the remainder when 60 is divided by i?
18
Let y be (-2 + 2)/(-1 - (-4 - -2)). Suppose 24*s - 23*s - 34 = y. Calculate the remainder when 65 is divided by s.
31
Let t(m) = -2*m**3 - 31*m**2 + 50*m + 11. What is the remainder when 614 is divided by t(-17)?
26
Calculate the remainder when 501/(2/((-10)/(-15))) is divided by 17.
14
Let q = 830 + -823. What is the remainder when 117 is divided by q?
5
Suppose 3*m - 2*v = 131, 3*m - 8*m = -2*v - 221. Suppose 8*k - m = 3*k. Calculate the remainder when 34 is divided by k.
7
Suppose -3*v - 74 = -2*y - 0*v, 0 = 4*y - 5*v - 152. Let c = -2 - -17. What is the remainder when y is divided by c?
13
What is the remainder when 1178 is divided by (1534/(-26))/(1*-1)?
57
Suppose -2*g + 0*z + 10 = z, 0 = 3*g + 3*z - 21. Suppose g*d = 4*d - 11. Let x(j) = 2*j**2 - 5*j + 1. Calculate the remainder when x(6) is divided by d.
10
Let g be ((-76)/6)/(8/3828). Calculate the remainder when g/(-76) - (-1)/4 is divided by 21.
17
Let q(m) = m**3 - 23*m**2 + 19*m + 133. Calculate the remainder when 401 is divided by q(22).
66
Let p(v) = -v**2 - 30*v - 54. Calculate the remainder when p(-19) is divided by 152.
3
Let b = 863 - 826. What is the remainder when 126 is divided by b?
15
Let b = -162 - -171. Let c = -38 + 64. What is the remainder when c is divided by b?
8
Let q(z) = 70*z**3 + 2*z**2 - 1. Let y(d) = d**2 - 10*d + 2. Let h be y(10). What is the remainder when q(1) is divided by h/(-8) + 730/40?
17
Let m = -542 + 551. Calculate the remainder when 112 is divided by m.
4
Let q = -621 + 695. What is the remainder when q is divided by 24?
2
Let x = 303 - 311. Suppose 35 = 5*y - 5*j, -y + 0*j = 3*j - 27. Let i = x + y. What is the remainder when 9 is divided by i?
1
Suppose o - 17 = 19*n - 14*n, 4 = -2*n. What is the remainder when 95 is divided by o?
4
Let r(k) = -68*k + 1040. Let j(y) = 2*y**3 - 3*y**2 - 3*y - 3. Calculate the remainder when r(15) is divided by j(3).
5
Let z(g) = g**3 - 10*g**2 - 13*g + 9. Let y be z(11). Let j = y + 44. Calculate the remainder when j is divided by 11.
9
Let x be 5*((-304)/10)/(-2). Let c = 130 - x. Calculate the remainder when c is divided by 14.
12
Let t(s) = -s**2 - 12*s + 120. What is the remainder when 63 is divided by t(6)?
3
Let f(l) = l**2 + l + 71. Calculate the remainder when f(0) is divided by 46.
25
Let j = -7 + -9. Let a(o) = o**3 + 13*o**2 - o - 39. Let w be a(-13). Let p = j - w. Calculat